 2128?
8
What is the tens digit of 1974?
7
What is the tens digit of 121?
2
What is the hundreds digit of 1345?
3
What is the tens digit of 26854?
5
What is the units digit of 569?
9
What is the hundreds digit of 16787?
7
What is the ten thousands digit of 32894?
3
What is the tens digit of 1593?
9
What is the hundreds digit of 1548?
5
What is the units digit of 79845?
5
What is the ten thousands digit of 19793?
1
What is the units digit of 1111?
1
What is the ten thousands digit of 47547?
4
What is the thousands digit of 75288?
5
What is the hundreds digit of 11170?
1
What is the thousands digit of 31548?
1
What is the hundreds digit of 22288?
2
What is the tens digit of 572?
7
What is the tens digit of 15842?
4
What is the units digit of 69111?
1
What is the tens digit of 32353?
5
What is the ten thousands digit of 142878?
4
What is the hundreds digit of 11832?
8
What is the tens digit of 678?
7
What is the thousands digit of 1680?
1
What is the hundreds digit of 100930?
9
What is the hundreds digit of 3708?
7
What is the ten thousands digit of 69360?
6
What is the units digit of 2714?
4
What is the hundreds digit of 38582?
5
What is the tens digit of 8485?
8
What is the thousands digit of 53164?
3
What is the units digit of 602?
2
What is the thousands digit of 24139?
4
What is the hundreds digit of 5409?
4
What is the hundreds digit of 486?
4
What is the tens digit of 10433?
3
What is the thousands digit of 2499?
2
What is the units digit of 470?
0
What is the hundreds digit of 141155?
1
What is the tens digit of 686?
8
What is the hundreds digit of 1561?
5
What is the tens digit of 1960?
6
What is the thousands digit of 17513?
7
What is the hundreds digit of 11616?
6
What is the hundreds digit of 348?
3
What is the tens digit of 6165?
6
What is the hundreds digit of 187531?
5
What is the hundreds digit of 61777?
7
What is the units digit of 10553?
3
What is the thousands digit of 3189?
3
What is the tens digit of 862?
6
What is the thousands digit of 6851?
6
What is the units digit of 7232?
2
What is the thousands digit of 1438?
1
What is the tens digit of 2770?
7
What is the units digit of 901?
1
What is the thousands digit of 7084?
7
What is the units digit of 542?
2
What is the ten thousands digit of 67384?
6
What is the hundreds digit of 334?
3
What is the thousands digit of 1118?
1
What is the thousands digit of 4113?
4
What is the hundreds digit of 2068?
0
What is the units digit of 7466?
6
What is the hundreds digit of 23494?
4
What is the units digit of 9826?
6
What is the units digit of 5032?
2
What is the units digit of 30787?
7
What is the hundreds digit of 2084?
0
What is the thousands digit of 1055?
1
What is the hundreds digit of 1803?
8
What is the thousands digit of 43035?
3
What is the tens digit of 7290?
9
What is the thousands digit of 1876?
1
What is the tens digit of 570?
7
What is the hundreds digit of 17057?
0
What is the units digit of 1333?
3
What is the tens digit of 93303?
0
What is the units digit of 5318?
8
What is the thousands digit of 1826?
1
What is the hundreds digit of 550?
5
What is the thousands digit of 7934?
7
What is the thousands digit of 10761?
0
What is the hundreds digit of 110?
1
What is the units digit of 3563?
3
What is the thousands digit of 1469?
1
What is the tens digit of 1875?
7
What is the tens digit of 788?
8
What is the tens digit of 400?
0
What is the hundreds digit of 1655?
6
What is the hundreds digit of 20360?
3
What is the hundreds digit of 246?
2
What is the thousands digit of 136798?
6
What is the units digit of 72402?
2
What is the hundreds digit of 3254?
2
What is the units digit of 46664?
4
What is the hundreds digit of 730?
7
What is the tens digit of 17982?
8
What is the units digit of 590?
0
What is the units digit of 2183?
3
What is the tens digit of 1201?
0
What is the thousands digit of 3720?
3
What is the units digit of 7760?
0
What is the units digit of 3822?
2
What is the units digit of 30149?
9
What is the tens digit of 1318?
1
What is the ten thousands digit of 84106?
8
What is the units digit of 2916?
6
What is the tens digit of 30?
3
What is the ten thousands digit of 22634?
2
What is the units digit of 164?
4
What is the hundreds digit of 3076?
0
What is the thousands digit of 28688?
8
What is the ten thousands digit of 163375?
6
What is the hundreds digit of 1314?
3
What is the units digit of 8640?
0
What is the thousands digit of 3063?
3
What is the ten thousands digit of 34375?
3
What is the hundreds digit of 5595?
5
What is the tens digit of 6371?
7
What is the ten thousands digit of 42984?
4
What is the ten thousands digit of 12690?
1
What is the hundreds digit of 1777?
7
What is the ten thousands digit of 136176?
3
What is the tens digit of 477?
7
What is the units digit of 1015?
5
What is the hundred thousands digit of 101805?
1
What is the tens digit of 22912?
1
What is the thousands digit of 3254?
3
What is the hundred thousands digit of 128970?
1
What is the units digit of 1160?
0
What is the thousands digit of 77746?
7
What is the thousands digit of 10717?
0
What is the hundreds digit of 943?
9
What is the units digit of 6155?
5
What is the units digit of 1135?
5
What is the hundreds digit of 29939?
9
What is the tens digit of 449?
4
What is the hundreds digit of 4976?
9
What is the tens digit of 4605?
0
What is the units digit of 918?
8
What is the thousands digit of 1199?
1
What is the thousands digit of 12690?
2
What is the tens digit of 92399?
9
What is the tens digit of 849?
4
What is the units digit of 43275?
5
What is the units digit of 1264?
4
What is the units digit of 2441?
1
What is the thousands digit of 11472?
1
What is the hundreds digit of 155517?
5
What is the hundreds digit of 3367?
3
What is the hundreds digit of 23159?
1
What is the tens digit of 73509?
0
What is the hundreds digit of 12859?
8
What is the units digit of 385?
5
What is the thousands digit of 12587?
2
What is the hundreds digit of 16358?
3
What is the tens digit of 1497?
9
What is the units digit of 5886?
6
What is the units digit of 27862?
2
What is the tens digit of 1602?
0
What is the hundreds digit of 1384?
3
What is the tens digit of 3095?
9
What is the ten thousands digit of 44224?
4
What is the thousands digit of 54142?
4
What is the tens digit of 419?
1
What is the tens digit of 1132?
3
What is the units digit of 20275?
5
What is the hundreds digit of 4110?
1
What is the units digit of 3606?
6
What is the units digit of 565?
5
What is the thousands digit of 39542?
9
What is the units digit of 9865?
5
What is the ten thousands digit of 37939?
3
What is the hundreds digit of 7265?
2
What is the tens digit of 2631?
3
What is the units digit of 2181?
1
What is the hundreds digit of 7098?
0
What is the hundreds digit of 2885?
8
What is the ten thousands digit of 28563?
2
What is the hundreds digit of 10332?
3
What is the units digit of 758?
8
What is the units digit of 1893?
3
What is the tens digit of 37594?
9
What is the tens digit of 2263?
6
What is the thousands digit of 77830?
7
What is the thousands digit of 5204?
5
What is the thousands digit of 113706?
3
What is the units digit of 22757?
7
What is the tens digit of 638?
3
What is the thousands digit of 3050?
3
What is the hundreds digit of 2404?
4
What is the units digit of 50178?
8
What is the ten thousands digit of 78636?
7
What is the thousands digit of 1823?
1
What is the units digit of 2308?
8
What is the units digit of 10678?
8
What is the hundreds digit of 1886?
8
What is the tens digit of 187?
8
What is the hundreds digit of 12763?
7
What is the tens digit of 24?
2
What is the units digit of 29361?
1
What is the units digit of 2938?
8
What is the tens digit of 3254?
5
What is the units digit of 51149?
9
What is the tens digit of 111691?
9
What is the hundreds digit of 6806?
8
What is the thousands digit of 22473?
2
What is the hundreds digit of 51743?
7
What is the thousands digit of 51460?
1
What is the thousands digit of 35071?
5
What is the thousands digit of 23713?
3
What is the thousands digit of 114689?
4
What is the units digit of 3320?
0
What is the tens digit of 1100?
0
What is the units digit of 579?
9
What is the units digit of 11310?
0
What is the hundreds digit of 1523?
5
What is 